[INFO] cloning repository https://github.com/placrosse/agildata-zero
[INFO] running `Command { std: "git" "-c" "credential.helper=" "-c" "credential.helper=/workspace/cargo-home/bin/git-credential-null" "clone" "--bare" "https://github.com/placrosse/agildata-zero" "/workspace/cache/git-repos/https%3A%2F%2Fgithub.com%2Fplacrosse%2Fagildata-zero", kill_on_drop: false }`
[INFO] [stderr] Cloning into bare repository '/workspace/cache/git-repos/https%3A%2F%2Fgithub.com%2Fplacrosse%2Fagildata-zero'...
[INFO] running `Command { std: "git" "rev-parse" "HEAD", kill_on_drop: false }`
[INFO] [stdout] a6fe69e010f6c40a28d85d3638d66cc96cbfd896
[INFO] checking placrosse/agildata-zero against master#cfbc6d4cf1acbac5c025acf8ed68929caa551df3 for pr-75494-beta
[INFO] running `Command { std: "git" "clone" "/workspace/cache/git-repos/https%3A%2F%2Fgithub.com%2Fplacrosse%2Fagildata-zero" "/workspace/builds/worker-13/source", kill_on_drop: false }`
[INFO] [stderr] Cloning into '/workspace/builds/worker-13/source'...
[INFO] [stderr] done.
[INFO] validating manifest of git repo https://github.com/placrosse/agildata-zero on toolchain cfbc6d4cf1acbac5c025acf8ed68929caa551df3
[INFO] running `Command { std: "/workspace/cargo-home/bin/cargo" "+cfbc6d4cf1acbac5c025acf8ed68929caa551df3" "read-manifest" "--manifest-path" "Cargo.toml", kill_on_drop: false }`
[INFO] started tweaking git repo https://github.com/placrosse/agildata-zero
[INFO] finished tweaking git repo https://github.com/placrosse/agildata-zero
[INFO] tweaked toml for git repo https://github.com/placrosse/agildata-zero written to /workspace/builds/worker-13/source/Cargo.toml
[INFO] crate git repo https://github.com/placrosse/agildata-zero already has a lockfile, it will not be regenerated
[INFO] running `Command { std: "/workspace/cargo-home/bin/cargo" "+cfbc6d4cf1acbac5c025acf8ed68929caa551df3" "fetch" "--locked" "--manifest-path" "Cargo.toml", kill_on_drop: false }`
[INFO] [stderr]  Downloading crates ...
[INFO] [stderr]   Downloaded quine-mc_cluskey v0.2.4
[INFO] [stderr]   Downloaded semver v0.2.3
[INFO] [stderr]   Downloaded rustc_version v0.1.7
[INFO] [stderr]   Downloaded semver v0.1.20
[INFO] [stderr]   Downloaded lazycell v0.4.0
[INFO] [stderr]   Downloaded env_logger v0.3.5
[INFO] [stderr]   Downloaded rustc-serialize v0.3.19
[INFO] [stderr]   Downloaded time v0.1.35
[INFO] [stderr]   Downloaded matches v0.1.2
[INFO] [stderr]   Downloaded openssl-sys v0.7.17
[INFO] [stderr]   Downloaded pnacl-build-helper v1.4.10
[INFO] [stderr]   Downloaded toml v0.1.30
[INFO] [stderr]   Downloaded num-integer v0.1.32
[INFO] [stderr]   Downloaded antidote v1.0.0
[INFO] [stderr]   Downloaded serde-value v0.2.1
[INFO] [stderr]   Downloaded humantime v0.1.3
[INFO] [stderr]   Downloaded log4rs v0.4.8
[INFO] [stderr]   Downloaded bitflags v0.7.0
[INFO] [stderr]   Downloaded tempdir v0.3.5
[INFO] [stderr]   Downloaded crossbeam v0.2.10
[INFO] [stderr]   Downloaded traitobject v0.0.3
[INFO] [stderr]   Downloaded nix v0.3.10
[INFO] [stderr]   Downloaded serde v0.7.15
[INFO] [stderr]   Downloaded mio v0.4.4
[INFO] [stderr]   Downloaded winapi v0.1.23
[INFO] [stderr]   Downloaded chrono v0.2.25
[INFO] [stderr]   Downloaded idna v0.1.0
[INFO] [stderr]   Downloaded ordered-float v0.1.0
[INFO] [stderr]   Downloaded libc v0.1.12
[INFO] [stderr]   Downloaded num-iter v0.1.32
[INFO] [stderr]   Downloaded nix v0.6.0
[INFO] [stderr]   Downloaded argparse v0.2.1
[INFO] [stderr]   Downloaded gcc v0.3.35
[INFO] [stderr]   Downloaded num-traits v0.1.35
[INFO] [stderr]   Downloaded url v1.2.0
[INFO] [stderr]   Downloaded bitflags v0.1.1
[INFO] [stderr]   Downloaded regex-syntax v0.3.5
[INFO] [stderr]   Downloaded twox-hash v1.0.0
[INFO] [stderr]   Downloaded miow v0.1.3
[INFO] [stderr]   Downloaded bufstream v0.1.2
[INFO] [stderr]   Downloaded ord_subset v1.2.0
[INFO] [stderr]   Downloaded quick-error v1.1.0
[INFO] [stderr]   Downloaded fnv v1.0.4
[INFO] [stderr]   Downloaded mysql-proxy v0.2.1
[INFO] [stderr]   Downloaded mio v0.6.0
[INFO] [stderr]   Downloaded futures v0.1.1
[INFO] [stderr]   Downloaded regex v0.1.77
[INFO] [stderr]   Downloaded clippy v0.0.94
[INFO] [stderr]   Downloaded num v0.1.35
[INFO] [stderr]   Downloaded lazy_static v0.2.1
[INFO] [stderr]   Downloaded clippy_lints v0.0.94
[INFO] [stderr]   Downloaded libressl-pnacl-sys v2.1.6
[INFO] [stderr]   Downloaded decimal v0.5.0
[INFO] [stderr]   Downloaded aho-corasick v0.5.3
[INFO] [stderr]   Downloaded byteorder v0.5.3
[INFO] [stderr]   Downloaded memchr v0.1.11
[INFO] [stderr]   Downloaded thread-id v2.0.0
[INFO] [stderr]   Downloaded utf8-ranges v0.1.3
[INFO] [stderr]   Downloaded rust-crypto v0.2.36
[INFO] [stderr]   Downloaded nom v1.2.4
[INFO] [stderr]   Downloaded unicode-normalization v0.1.2
[INFO] [stderr]   Downloaded user32-sys v0.2.0
[INFO] [stderr]   Downloaded slab v0.1.3
[INFO] [stderr]   Downloaded gdi32-sys v0.2.0
[INFO] [stderr]   Downloaded openssl v0.7.14
[INFO] [stderr]   Downloaded thread_local v0.2.6
[INFO] [stderr]   Downloaded log v0.3.6
[INFO] [stderr]   Downloaded openssl-sys-extras v0.7.14
[INFO] [stderr]   Downloaded bitflags v0.4.0
[INFO] [stderr]   Downloaded unsafe-any v0.4.1
[INFO] [stderr]   Downloaded bytes v0.2.11
[INFO] [stderr]   Downloaded pkg-config v0.3.8
[INFO] [stderr]   Downloaded mysql v7.1.2
[INFO] [stderr]   Downloaded libc v0.2.16
[INFO] [stderr]   Downloaded rand v0.3.14
[INFO] [stderr]   Downloaded cfg-if v0.1.0
[INFO] [stderr]   Downloaded net2 v0.2.26
[INFO] [stderr]   Downloaded tokio-core v0.1.0
[INFO] [stderr]   Downloaded scoped-tls v0.1.0
[INFO] [stderr]   Downloaded slab v0.3.0
[INFO] [stderr]   Downloaded unicode-bidi v0.2.3
[INFO] [stderr]   Downloaded RustyXML v0.1.1
[INFO] running `Command { std: "docker" "create" "-v" "/var/lib/crater-agent-workspace/builds/worker-13/target:/opt/rustwide/target:rw,Z" "-v" "/var/lib/crater-agent-workspace/builds/worker-13/source:/opt/rustwide/workdir:ro,Z" "-v" "/var/lib/crater-agent-workspace/cargo-home:/opt/rustwide/cargo-home:ro,Z" "-v" "/var/lib/crater-agent-workspace/rustup-home:/opt/rustwide/rustup-home:ro,Z" "-e" "SOURCE_DIR=/opt/rustwide/workdir" "-e" "CARGO_TARGET_DIR=/opt/rustwide/target" "-e" "CARGO_HOME=/opt/rustwide/cargo-home" "-e" "RUSTUP_HOME=/opt/rustwide/rustup-home" "-w" "/opt/rustwide/workdir" "-m" "1610612736" "--user" "0:0" "--network" "none" "rustops/crates-build-env@sha256:a636fd89d022f18117e1dc8fb37a0a009933cdbbe082814857f0e2024962d47c" "/opt/rustwide/cargo-home/bin/cargo" "+cfbc6d4cf1acbac5c025acf8ed68929caa551df3" "metadata" "--no-deps" "--format-version=1", kill_on_drop: false }`
[INFO] [stdout] 56b36efa4fa530002405732099a7705763477807452fc9d3f8b3ae029245126c
[INFO] [stderr] WARNING: Your kernel does not support swap limit capabilities or the cgroup is not mounted. Memory limited without swap.
[INFO] running `Command { std: "docker" "start" "-a" "56b36efa4fa530002405732099a7705763477807452fc9d3f8b3ae029245126c", kill_on_drop: false }`
[INFO] running `Command { std: "docker" "inspect" "56b36efa4fa530002405732099a7705763477807452fc9d3f8b3ae029245126c", kill_on_drop: false }`
[INFO] running `Command { std: "docker" "rm" "-f" "56b36efa4fa530002405732099a7705763477807452fc9d3f8b3ae029245126c", kill_on_drop: false }`
[INFO] [stdout] 56b36efa4fa530002405732099a7705763477807452fc9d3f8b3ae029245126c
[INFO] running `Command { std: "docker" "create" "-v" "/var/lib/crater-agent-workspace/builds/worker-13/target:/opt/rustwide/target:rw,Z" "-v" "/var/lib/crater-agent-workspace/builds/worker-13/source:/opt/rustwide/workdir:ro,Z" "-v" "/var/lib/crater-agent-workspace/cargo-home:/opt/rustwide/cargo-home:ro,Z" "-v" "/var/lib/crater-agent-workspace/rustup-home:/opt/rustwide/rustup-home:ro,Z" "-e" "SOURCE_DIR=/opt/rustwide/workdir" "-e" "CARGO_TARGET_DIR=/opt/rustwide/target" "-e" "CARGO_INCREMENTAL=0" "-e" "RUST_BACKTRACE=full" "-e" "RUSTFLAGS=--cap-lints=forbid" "-e" "CARGO_HOME=/opt/rustwide/cargo-home" "-e" "RUSTUP_HOME=/opt/rustwide/rustup-home" "-w" "/opt/rustwide/workdir" "-m" "1610612736" "--user" "0:0" "--network" "none" "rustops/crates-build-env@sha256:a636fd89d022f18117e1dc8fb37a0a009933cdbbe082814857f0e2024962d47c" "/opt/rustwide/cargo-home/bin/cargo" "+cfbc6d4cf1acbac5c025acf8ed68929caa551df3" "check" "--frozen" "--all" "--all-targets" "--message-format=json", kill_on_drop: false }`
[INFO] [stdout] 73d248c81bb0698619c502b72d5c5f85d1d9cf609362ee9dfc2cd24d4297e711
[INFO] [stderr] WARNING: Your kernel does not support swap limit capabilities or the cgroup is not mounted. Memory limited without swap.
[INFO] running `Command { std: "docker" "start" "-a" "73d248c81bb0698619c502b72d5c5f85d1d9cf609362ee9dfc2cd24d4297e711", kill_on_drop: false }`
[INFO] [stderr]    Compiling winapi-build v0.1.1
[INFO] [stderr]     Checking winapi v0.2.8
[INFO] [stderr]    Compiling semver v0.1.20
[INFO] [stderr]     Checking cfg-if v0.1.0
[INFO] [stderr]     Checking serde v0.7.15
[INFO] [stderr]     Checking slab v0.3.0
[INFO] [stderr]     Checking scoped-tls v0.1.0
[INFO] [stderr]     Checking rustc-serialize v0.3.19
[INFO] [stderr]     Checking byteorder v0.5.3
[INFO] [stderr]     Checking bitflags v0.1.1
[INFO] [stderr]     Checking crossbeam v0.2.10
[INFO] [stderr]     Checking ord_subset v1.2.0
[INFO] [stderr]     Checking nom v1.2.4
[INFO] [stderr]     Checking bufstream v0.1.2
[INFO] [stderr]     Checking fnv v1.0.4
[INFO] [stderr]     Checking bytes v0.2.11
[INFO] [stderr]     Checking argparse v0.2.1
[INFO] [stderr]    Compiling decimal v0.5.0
[INFO] [stderr]    Compiling rust-crypto v0.2.36
[INFO] [stdout] error[E0642]: patterns aren't allowed in functions without bodies
[INFO] [stdout]    --> /opt/rustwide/cargo-home/registry/src/github.com-1ecc6299db9ec823/rustc-serialize-0.3.19/src/serialize.rs:147:45
[INFO] [stdout]     |
[INFO] [stdout] 147 | ...                   &f_name: &str,
[INFO] [stdout]     |                       ^^^^^^^ pattern not allowed in function without body
[INFO] [stdout] 
[INFO] [stdout] 
[INFO] [stderr]     Checking winapi v0.1.23
[INFO] [stderr]     Checking num-integer v0.1.32
[INFO] [stderr]     Checking futures v0.1.1
[INFO] [stderr]     Checking humantime v0.1.3
[INFO] [stderr]     Checking nix v0.3.10
[INFO] [stderr]     Checking twox-hash v1.0.0
[INFO] [stderr]     Checking net2 v0.2.26
[INFO] [stderr]    Compiling kernel32-sys v0.2.2
[INFO] [stderr]    Compiling openssl-sys-extras v0.7.14
[INFO] [stdout] error[E0214]: parenthesized type parameters may only be used with a `Fn` trait
[INFO] [stdout]   --> /opt/rustwide/cargo-home/registry/src/github.com-1ecc6299db9ec823/twox-hash-1.0.0/src/number_streams.rs:67:23
[INFO] [stdout]    |
[INFO] [stdout] 67 |     fn count(self) -> usize() {
[INFO] [stdout]    |                       ^^^^^^^ only `Fn` traits may use parentheses
[INFO] [stdout] ...
[INFO] [stdout] 74 | number_stream!(U32FromBytes, u32, U32_BYTES);
[INFO] [stdout]    | --------------------------------------------- in this macro invocation
[INFO] [stdout]    |
[INFO] [stdout]    = note: this error originates in a macro (in Nightly builds, run with -Z macro-backtrace for more info)
[INFO] [stdout] 
[INFO] [stdout] 
[INFO] [stdout] error[E0214]: parenthesized type parameters may only be used with a `Fn` trait
[INFO] [stdout]   --> /opt/rustwide/cargo-home/registry/src/github.com-1ecc6299db9ec823/twox-hash-1.0.0/src/number_streams.rs:67:23
[INFO] [stdout]    |
[INFO] [stdout] 67 |     fn count(self) -> usize() {
[INFO] [stdout]    |                       ^^^^^^^ only `Fn` traits may use parentheses
[INFO] [stdout] ...
[INFO] [stdout] 75 | number_stream!(U64FromBytes, u64, U64_BYTES);
[INFO] [stdout]    | --------------------------------------------- in this macro invocation
[INFO] [stdout]    |
[INFO] [stdout]    = note: this error originates in a macro (in Nightly builds, run with -Z macro-backtrace for more info)
[INFO] [stdout] 
[INFO] [stdout] 
[INFO] [stdout] error: aborting due to 2 previous errors
[INFO] [stdout] 
[INFO] [stdout] 
[INFO] [stdout] For more information about this error, try `rustc --explain E0214`.
[INFO] [stdout] 
[INFO] [stderr]    Compiling openssl v0.7.14
[INFO] [stderr] error: could not compile `twox-hash`.
[INFO] [stderr] 
[INFO] [stderr] To learn more, run the command again with --verbose.
[INFO] [stderr] warning: build failed, waiting for other jobs to finish...
[INFO] [stderr] The following warnings were emitted during compilation:
[INFO] [stderr] 
[INFO] [stderr] warning: src/openssl_shim.c: In function 'DH_new_from_params':
[INFO] [stderr] warning: src/openssl_shim.c:132:7: error: dereferencing pointer to incomplete type 'DH' {aka 'struct dh_st'}
[INFO] [stderr] warning:   132 |     dh->p = p;
[INFO] [stderr] warning:       |       ^~
[INFO] [stderr] warning: src/openssl_shim.c: In function 'X509_get_extensions_shim':
[INFO] [stderr] warning: src/openssl_shim.c:143:13: error: dereferencing pointer to incomplete type 'X509' {aka 'struct x509_st'}
[INFO] [stderr] warning:   143 |     return x->cert_info ? x->cert_info->extensions : NULL;
[INFO] [stderr] warning:       |             ^~
[INFO] [stderr] 
[INFO] [stderr] The following warnings were emitted during compilation:
[INFO] [stderr] 
[INFO] [stderr] warning: src/c_helpers.c: In function 'rust_SSL_clone':
[INFO] [stderr] warning: src/c_helpers.c:4:5: warning: implicit declaration of function 'CRYPTO_add' [-Wimplicit-function-declaration]
[INFO] [stderr] warning:     4 |     CRYPTO_add(&ssl->references, 1, CRYPTO_LOCK_SSL);
[INFO] [stderr] warning:       |     ^~~~~~~~~~
[INFO] [stderr] warning: src/c_helpers.c:4:20: error: dereferencing pointer to incomplete type 'SSL' {aka 'struct ssl_st'}
[INFO] [stderr] warning:     4 |     CRYPTO_add(&ssl->references, 1, CRYPTO_LOCK_SSL);
[INFO] [stderr] warning:       |                    ^~
[INFO] [stderr] warning: src/c_helpers.c:4:37: error: 'CRYPTO_LOCK_SSL' undeclared (first use in this function); did you mean 'CRYPTO_LOCK'?
[INFO] [stderr] warning:     4 |     CRYPTO_add(&ssl->references, 1, CRYPTO_LOCK_SSL);
[INFO] [stderr] warning:       |                                     ^~~~~~~~~~~~~~~
[INFO] [stderr] warning:       |                                     CRYPTO_LOCK
[INFO] [stderr] warning: src/c_helpers.c:4:37: note: each undeclared identifier is reported only once for each function it appears in
[INFO] [stderr] warning: src/c_helpers.c: In function 'rust_SSL_CTX_clone':
[INFO] [stderr] warning: src/c_helpers.c:8:20: error: dereferencing pointer to incomplete type 'SSL_CTX' {aka 'struct ssl_ctx_st'}
[INFO] [stderr] warning:     8 |     CRYPTO_add(&ctx->references,1,CRYPTO_LOCK_SSL_CTX);
[INFO] [stderr] warning:       |                    ^~
[INFO] [stderr] warning: src/c_helpers.c:8:35: error: 'CRYPTO_LOCK_SSL_CTX' undeclared (first use in this function); did you mean 'CRYPTO_EX_INDEX_SSL_CTX'?
[INFO] [stderr] warning:     8 |     CRYPTO_add(&ctx->references,1,CRYPTO_LOCK_SSL_CTX);
[INFO] [stderr] warning:       |                                   ^~~~~~~~~~~~~~~~~~~
[INFO] [stderr] warning:       |                                   CRYPTO_EX_INDEX_SSL_CTX
[INFO] [stderr] warning: src/c_helpers.c: In function 'rust_X509_clone':
[INFO] [stderr] warning: src/c_helpers.c:12:21: error: dereferencing pointer to incomplete type 'X509' {aka 'struct x509_st'}
[INFO] [stderr] warning:    12 |     CRYPTO_add(&x509->references,1,CRYPTO_LOCK_X509);
[INFO] [stderr] warning:       |                     ^~
[INFO] [stderr] warning: src/c_helpers.c:12:36: error: 'CRYPTO_LOCK_X509' undeclared (first use in this function); did you mean 'CRYPTO_LOCK'?
[INFO] [stderr] warning:    12 |     CRYPTO_add(&x509->references,1,CRYPTO_LOCK_X509);
[INFO] [stderr] warning:       |                                    ^~~~~~~~~~~~~~~~
[INFO] [stderr] warning:       |                                    CRYPTO_LOCK
[INFO] [stderr] 
[INFO] [stdout] error: aborting due to previous error
[INFO] [stdout] 
[INFO] [stdout] 
[INFO] [stdout] For more information about this error, try `rustc --explain E0642`.
[INFO] [stdout] 
[INFO] [stderr] error: build failed
[INFO] running `Command { std: "docker" "inspect" "73d248c81bb0698619c502b72d5c5f85d1d9cf609362ee9dfc2cd24d4297e711", kill_on_drop: false }`
[INFO] running `Command { std: "docker" "rm" "-f" "73d248c81bb0698619c502b72d5c5f85d1d9cf609362ee9dfc2cd24d4297e711", kill_on_drop: false }`
[INFO] [stdout] 73d248c81bb0698619c502b72d5c5f85d1d9cf609362ee9dfc2cd24d4297e711
